{"id":13,"date":"2023-05-20T11:09:37","date_gmt":"2023-05-20T11:09:37","guid":{"rendered":"https:\/\/entwicklung.kammerchor-marienstatt.de\/?page_id=13"},"modified":"2023-11-14T16:25:04","modified_gmt":"2023-11-14T16:25:04","slug":"kammerchorfreunde-e-v","status":"publish","type":"page","link":"https:\/\/kammerchor-marienstatt.de\/?page_id=13","title":{"rendered":"Kammerchorfreunde e.V."},"content":{"rendered":"\n<p>Der Kammerchor Marienstatt ist kein Chor mit einem finanzstarken Tr\u00e4ger im Hintergrund. Er verzichtet darauf, Mitgliedsbeitr\u00e4ge zu erheben. Die S\u00e4nger*innen sowie die Leiterin und Stimmbildnerin sind dank ihres hohen pers\u00f6nlichen Einsatzes das lebendige Kapital des Chores.<br><br>Die Ausgaben f\u00fcr Noten, Fahrten, Solist*innen und Orchester k\u00f6nnen damit aber nicht beglichen werden. Die Einnahmen durch Eintrittsgelder und Zusch\u00fcsse decken die Kosten vieler Programme nicht ab.<br><br>Wie gut, dass es daf\u00fcr&nbsp;Freund*innen&nbsp;gibt. Musikliebende Menschen mit Herz, die ihren eigenen Beitrag zur Kultur in der heimischen Region leisten.<br><br>Sind auch Sie ein*e Kammerchorfreund*in? Dann werden Sie Mitglied oder spenden etwas! Da wir als gemeinn\u00fctzig anerkannt sind, erteilen wir f\u00fcr Spenden selbstverst\u00e4ndlich eine Spendenbescheinigung.<\/p>\n\n\n\n<p><strong>Kontakt:<\/strong><\/p>\n\n\n\n<p>Richard Zilles<br>Kammerchorfreunde Marienstatt e.V.<br>E-Mail:&nbsp;rzilles(at)rz-online.de<\/p>\n\n\n\n<p>Konto:<br>Kammerchorfreunde Marienstatt e.V.<br>IBAN: DE46 5735 1030 0143 0126 56<br>Sparkasse Westerwald &#8211; Sieg<\/p>\n\n\n\n<figure class=\"wp-block-image size-large\"><img loading=\"lazy\" decoding=\"async\" width=\"683\" height=\"1024\" src=\"https:\/\/kammerchor-marienstatt.de\/wp-content\/uploads\/2023\/05\/J9A9179-683x1024.jpg\" alt=\"\" class=\"wp-image-70\" srcset=\"https:\/\/kammerchor-marienstatt.de\/wp-content\/uploads\/2023\/05\/J9A9179-683x1024.jpg 683w, https:\/\/kammerchor-marienstatt.de\/wp-content\/uploads\/2023\/05\/J9A9179-200x300.jpg 200w, https:\/\/kammerchor-marienstatt.de\/wp-content\/uploads\/2023\/05\/J9A9179-768x1152.jpg 768w, https:\/\/kammerchor-marienstatt.de\/wp-content\/uploads\/2023\/05\/J9A9179-1024x1536.jpg 1024w, https:\/\/kammerchor-marienstatt.de\/wp-content\/uploads\/2023\/05\/J9A9179-1365x2048.jpg 1365w, https:\/\/kammerchor-marienstatt.de\/wp-content\/uploads\/2023\/05\/J9A9179-scaled.jpg 1707w\" sizes=\"auto, (max-width: 683px) 100vw, 683px\" \/><\/figure>\n","protected":false},"excerpt":{"rendered":"<p>Der Kammerchor Marienstatt ist kein Chor mit einem finanzstarken Tr\u00e4ger im Hintergrund. Er verzichtet darauf, Mitgliedsbeitr\u00e4ge zu erheben. Die S\u00e4nger*innen sowie die Leiterin und Stimmbildnerin sind dank ihres hohen pers\u00f6nlichen Einsatzes das lebendige Kapital des Chores. Die Ausgaben f\u00fcr Noten, Fahrten, Solist*innen und Orchester k\u00f6nnen damit aber nicht beglichen werden. Die Einnahmen durch Eintrittsgelder und&hellip; <a href=\"https:\/\/kammerchor-marienstatt.de\/?page_id=13\" class=\"read-more\">Continue reading Kammerchorfreunde e.V.<\/a><\/p>\n","protected":false},"author":1,"featured_media":0,"parent":0,"menu_order":0,"comment_status":"closed","ping_status":"closed","template":"","meta":{"footnotes":""},"class_list":["post-13","page","type-page","status-publish","hentry"],"_links":{"self":[{"href":"https:\/\/kammerchor-marienstatt.de\/index.php?rest_route=\/wp\/v2\/pages\/13","targetHints":{"allow":["GET"]}}],"collection":[{"href":"https:\/\/kammerchor-marienstatt.de\/index.php?rest_route=\/wp\/v2\/pages"}],"about":[{"href":"https:\/\/kammerchor-marienstatt.de\/index.php?rest_route=\/wp\/v2\/types\/page"}],"author":[{"embeddable":true,"href":"https:\/\/kammerchor-marienstatt.de\/index.php?rest_route=\/wp\/v2\/users\/1"}],"replies":[{"embeddable":true,"href":"https:\/\/kammerchor-marienstatt.de\/index.php?rest_route=%2Fwp%2Fv2%2Fcomments&post=13"}],"version-history":[{"count":4,"href":"https:\/\/kammerchor-marienstatt.de\/index.php?rest_route=\/wp\/v2\/pages\/13\/revisions"}],"predecessor-version":[{"id":142,"href":"https:\/\/kammerchor-marienstatt.de\/index.php?rest_route=\/wp\/v2\/pages\/13\/revisions\/142"}],"wp:attachment":[{"href":"https:\/\/kammerchor-marienstatt.de\/index.php?rest_route=%2Fwp%2Fv2%2Fmedia&parent=13"}],"curies":[{"name":"wp","href":"https:\/\/api.w.org\/{rel}","templated":true}]}}